de 151798?
True
Is 82452 a multiple of 31?
False
Is 17 a factor of 810845?
False
Is 84 a factor of 9861096?
True
Does 78 divide 67969?
False
Is 13681 a multiple of 336?
False
Is 199830 a multiple of 15?
True
Does 439 divide 2195?
True
Does 132 divide 9637584?
True
Does 96 divide 884928?
True
Is 842555 a multiple of 321?
False
Is 57756 a multiple of 12?
True
Does 81 divide 2323323?
True
Is 4 a factor of 396284?
True
Is 740 a factor of 4973768?
False
Is 10982700 a multiple of 45?
True
Does 12 divide 2868995?
False
Is 511093 a multiple of 393?
False
Is 10879 a multiple of 13?
False
Is 10 a factor of 809439?
False
Is 114528 a multiple of 32?
True
Is 274 a factor of 4496066?
True
Is 753048 a multiple of 12?
True
Does 57 divide 1975107?
True
Is 559 a factor of 2086424?
False
Is 2 a factor of 113725?
False
Is 349804 a multiple of 91?
True
Is 442 a factor of 85555?
False
Does 14 divide 12908?
True
Is 207 a factor of 2559090?
False
Is 195 a factor of 1077765?
True
Is 997194 a multiple of 66?
True
Is 45158 a multiple of 26?
False
Does 225 divide 480175?
False
Is 51 a factor of 5200493?
False
Does 74 divide 1271838?
True
Is 13 a factor of 3951456?
False
Does 29 divide 167069?
True
Is 1351 a factor of 394492?
True
Is 294963 a multiple of 15?
False
Does 17 divide 135137?
False
Is 10 a factor of 7177490?
True
Does 137 divide 71240?
True
Is 28 a factor of 1693363?
False
Does 119 divide 180223?
False
Does 154 divide 984676?
True
Does 425 divide 2619110?
False
Is 23 a factor of 172201?
True
Is 507 a factor of 235248?
True
Is 4 a factor of 45064?
True
Is 10703430 a multiple of 12?
False
Is 16 a factor of 1215321?
False
Is 33904 a multiple of 76?
False
Does 19 divide 6329641?
True
Is 316 a factor of 4509631?
False
Does 5 divide 2540?
True
Is 10 a factor of 470670?
True
Is 83805 a multiple of 15?
True
Does 11 divide 543635?
False
Does 1069 divide 6550832?
True
Is 1175538 a multiple of 21?
True
Is 137 a factor of 71240?
True
Is 6 a factor of 3325566?
True
Is 35 a factor of 96624?
False
Is 27 a factor of 9674964?
True
Is 247 a factor of 122641?
False
Is 2089176 a multiple of 43?
False
Is 15 a factor of 38835?
True
Does 432 divide 2255904?
True
Is 28528018 a multiple of 424?
False
Is 1127427 a multiple of 37?
True
Is 15 a factor of 1920033?
False
Is 3166755 a multiple of 115?
True
Is 126 a factor of 115416?
True
Is 282 a factor of 428466?
False
Is 4270428 a multiple of 19?
False
Does 11 divide 81904?
False
Is 455107 a multiple of 63?
False
Is 16 a factor of 3592080?
True
Does 13 divide 18132?
False
Is 2240970 a multiple of 15?
True
Is 139 a factor of 972166?
True
Is 707461 a multiple of 135?
False
Is 126770 a multiple of 7?
True
Is 2 a factor of 4491?
False
Does 311 divide 42296?
True
Does 39 divide 5648347?
False
Does 18 divide 134173?
False
Does 3 divide 3973?
False
Does 88 divide 296126?
False
Is 39376 a multiple of 8?
True
Does 270 divide 92957?
False
Is 5043 a multiple of 6?
False
Does 32 divide 387904?
True
Does 248 divide 2976?
True
Does 9 divide 154370?
False
Does 39 divide 462267?
True
Is 146 a factor of 3117100?
True
Is 72468 a multiple of 66?
True
Is 433390 a multiple of 5?
True
Is 501704 a multiple of 89?
False
Does 430 divide 732720?
True
Is 2842146 a multiple of 18?
True
Is 8 a factor of 4694594?
False
Is 5254640 a multiple of 10?
True
Is 6559032 a multiple of 143?
False
Is 76822 a multiple of 71?
True
Is 416504 a multiple of 22?
True
Is 67360 a multiple of 5?
True
Does 979 divide 20245720?
True
Is 26 a factor of 24804?
True
Is 38714 a multiple of 28?
False
Is 40117 a multiple of 7?
True
Is 133452 a multiple of 99?
True
Is 17 a factor of 182631?
True
Does 10 divide 8460729?
False
Is 124043 a multiple of 12?
False
Is 158 a factor of 21579324?
True
Is 17 a factor of 782168?
False
Is 374 a factor of 46750?
True
Does 140 divide 769172?
False
Is 722 a factor of 7381006?
True
Is 15 a factor of 870303?
False
Is 46 a factor of 5058344?
True
Does 9 divide 127602?
True
Is 1221075 a multiple of 29?
False
Does 4 divide 313992?
True
Does 65 divide 1660685?
True
Does 60 divide 1614180?
True
Does 963 divide 5081183?
False
Is 1846 a factor of 17180722?
True
Is 501351 a multiple of 142?
False
Is 103 a factor of 77044?
True
Is 2761631 a multiple of 15?
False
Is 14462630 a multiple of 39?
False
Does 41 divide 28413?
True
Is 892530 a multiple of 768?
False
Is 6204730 a multiple of 7?
True
Is 1394277 a multiple of 6?
False
Is 73 a factor of 2136126?
True
Is 13 a factor of 176061?
False
Does 11 divide 2269998?
False
Does 38 divide 240131?
False
Is 1006376 a multiple of 7?
True
Is 23752498 a multiple of 872?
False
Does 1105 divide 5038800?
True
Does 87 divide 20354089?
False
Is 6933501 a multiple of 6?
False
Is 61 a factor of 6886717?
True
Does 6 divide 169306?
False
Is 93 a factor of 2462262?
False
Does 236 divide 702537?
False
Is 891219 a multiple of 777?
True
Is 168 a factor of 6757767?
False
Does 116 divide 95352?
True
Does 221 divide 659906?
True
Is 42 a factor of 318289?
False
Does 22 divide 5785890?
True
Is 26108 a multiple of 122?
True
Does 42 divide 316404?
False
Is 637110 a multiple of 23?
False
Is 222232 a multiple of 506?
False
Does 187 divide 80815?
False
Is 238238 a multiple of 182?
True
Does 72 divide 2877122?
False
Does 4 divide 1302648?
True
Is 336157 a multiple of 20?
False
Is 161 a factor of 163093?
True
Is 82 a factor of 295928?
False
Is 451315 even?
False
Is 428208 a multiple of 528?
True
Is 9 a factor of 1625245?
False
Is 1201 a factor of 4631078?
False
Does 5 divide 984790?
True
Does 829 divide 1533650?
True
Is 65 a factor of 31460?
True
Does 24 divide 4892029?
False
Does 9 divide 1086966?
True
Does 530 divide 1064770?
True
Is 9034267 a multiple of 79?
False
Is 21 a factor of 1317?
False
Is 336045 a multiple of 151?
False
Is 40 a factor of 99720?
True
Does 746 divide 1850826?
True
Does 45 divide 1466280?
True
Does 441 divide 440176?
False
Does 10 divide 28234?
False
Is 14 a factor of 17472?
True
Is 2971894 a multiple of 54?
False
Is 493485 a multiple of 15?
True
Does 71 divide 184458?
True
Is 55 a factor of 258500?
True
Is 1311464 a multiple of 616?
True
Is 10 a factor of 11920?
True
Is 778040 a multiple of 20?
True
Is 24 a factor of 5597448?
True
Is 17081270 a multiple of 55?
False
Does 24 divide 388366?
False
Does 643 divide 1895581?
False
Is 29 a factor of 11599?
False
Is 1142154 a multiple of 26?
True
Is 185 a factor of 419950?
True
Is 24828 a multiple of 12?
True
Does 289 divide 501415?
True
Is 1447334 a multiple of 3?
False
Is 446754 a multiple of 2?
True
Is 55926 a multiple of 13?
True
Does 42 divide 6762?
True
Is 44707 a multiple of 115?
False
Is 6 a factor of 145475?
False
Is 207779 a multiple of 11?
True
Is 164076 a multiple of 22?
True
Is 1066972 a multiple of 157?
True
Does 14 divide 7940548?
True
Is 50 a factor of 21373500?
True
Is 14 a factor of 2219006?
False
Is 36 a factor of 340351?
False
Is 291661 a multiple of 77?
False
Does 16 divide 101888?
True
Is 268373 a multiple of 49?
True
Is 81 a factor of 11860935?
False
Is 29 a factor of 3431193?
True
Is 12 a factor of 717924?
True
Is 38 a factor of 1038748?
False
Does 94 divide 2614046?
True
Is 411380 a multiple of 7?
False
Does 13 divide 28249975?
True
Does 7 divide 865101?
False
Is 170480 a multiple of 13?
False
Does 100 divide 2200032?
False
Is 153180 a multiple of 17?
False
Does 205 divide 7328135?
True
Is 36790 a multiple of 13?
True
Does 379 divide 530979?
True
Is 848170 a multiple of 85?
False
Is 45 a factor of 2837596?
False
Does 5 divide 2563135?
True
Is 26 a factor of 318935?
False
Is 603 a factor of 110382?
False
Does 348 divide 631620?
True
Is 1174656 a multiple of 1288?
True
Is 35104 a multiple of 11?
False
Is 64 a factor of 272512?
True
Is 15 a factor of 2608063?
False
Does 21 divide 1058846?
False
Is 11517367 a multiple of 34?
False
Is 691 a factor of 523923?
False
Does 132 divide 379230?
False
Does 476 divide 937244?
True
Is 1086644 a multiple of 26?
True
Is 289512 a multiple of 36?
True
Is 13974499 a multiple of 1067?
True
Does 38 divide 934344?
True
Is 148862 a multiple of 98?
True
Is 7368 a multiple of 360?
False
Does 332 divide 333895?
False
Does 49 divide 156398?
False
Is 176503 a multiple of 22?
False
Is 644131 a multiple of 38?
False
Is 24 a factor of 65792?
Fal